te the remainder when v is divided by 7.
6
Suppose 46 = 5*o - 149. Calculate the remainder when o is divided by 14.
11
Suppose 3*n = 6, 0*s + n = -2*s + 32. Let p be (-51)/15 - (-4)/10. Let k = p + 7. What is the remainder when s is divided by k?
3
Let i = 25 - -92. What is the remainder when i is divided by 31?
24
Calculate the remainder when 32 is divided by 18 + (-6 - -3)/3.
15
Let x(s) = s**3 + 7*s**2 - 9*s - 1. Let y be x(-8). Suppose -y*t + 96 = -3*t. Suppose -5*q = -171 - t. Calculate the remainder when q is divided by 20.
19
Suppose 64*h = 65*h - 61. What is the remainder when 303 is divided by h?
59
Let l(z) = z**2 + 19*z + 37. What is the remainder when 9 is divided by l(-17)?
0
Suppose 2*a + 8 - 26 = 0. Calculate the remainder when 33 is divided by a.
6
Let v = 13 - 2. Suppose 2*x = x + v. What is the remainder when 30 is divided by x?
8
Suppose -2*i = 4*y - 1200, -5*y = -0*y + 3*i - 1499. Let k = -539 + y. What is the remainder when 31 is divided by (k/(-7))/(-1 + 3)?
14
Suppose 2*l = -2*u - 2*l + 14, l = -4. Calculate the remainder when 44 is divided by u.
14
Let d = 38 + -25. Let o = d - 3. Suppose -7*m + 171 = 2*m. What is the remainder when m is divided by o?
9
Let z(g) = -g**3 - 8*g**2 - 6*g + 8. Let h be z(-7). Calculate the remainder when 1 is divided by 0 + h*(1 - 0).
0
Suppose 2*i + 12 = 4*z, 2*z = -z + i + 9. Suppose 0 = b + z*b. Suppose b*d + 63 = 3*u - 3*d, 5*d - 155 = -5*u. Calculate the remainder when u is divided by 14.
12
Let o = -49 - -56. What is the remainder when 27 is divided by o?
6
Let z be -2*(-2 - -3)/(-1). Suppose z*k - 37 = -c - 0*k, k - 3 = 0. What is the remainder when c is divided by 16?
15
Let h be -6 + 4 - (0 - 1). What is the remainder when (92/8)/(h/(-2)) is divided by (-2 + 0)/((-2)/8)?
7
Suppose -4*d - 186 + 662 = 0. Suppose -d = -5*w - 34. Calculate the remainder when 67 is divided by w.
16
Let a be (-5)/(-2) - (-1)/(-2). Suppose a = g, -4*h - 3*g + 74 = -4. Calculate the remainder when 34 is divided by h.
16
Let h = 7 + 2. What is the remainder when 26 is divided by h?
8
Let w = -33 - -50. What is the remainder when 31 is divided by w?
14
Let x(v) = -v**2 - 2*v + 14. Calculate the remainder when x(0) is divided by -5*(-1 - 2)/3.
4
Suppose 2*w - 39 = -3*k, 4*w - 49 - 8 = k. What is the remainder when (-3 + 1)*(-377)/26 is divided by w?
14
Suppose -19*v = -6*v - 741. Calculate the remainder when v is divided by 30.
27
Let t = 46 + -30. Suppose -5*z = -3*d + 6, z + 5*d - 4 = 6. Suppose 5*n - 290 + 60 = z. What is the remainder when n is divided by t?
14
Let v(i) = 16*i - 1. Let y be v(-2). Let a = y + 77. Let u = a - 28. What is the remainder when u is divided by 9?
7
Let a be (2/(-3))/(8/(-60)). Suppose 4*t = a*t - 13. Let x(o) = 38*o**2 + o + 1. What is the remainder when x(-1) is divided by t?
12
Let d(r) = r**2 - 6*r - 1. Suppose -2*y + 2 = -20. Calculate the remainder when y is divided by d(7).
5
Suppose 3*p - 5*p + 4 = 0. Suppose -p*a = -s + 19, 5*s + 3*a = -0*s + 56. What is the remainder when 49 is divided by s?
10
Let k = 17 - -59. Let b(f) = -f - 4. Let i be b(-10). Suppose k = 2*p + i. What is the remainder when p is divided by 12?
11
What is the remainder when -1*-1*4 + (-20 - -18) is divided by 2/9 - (-21)/27?
0
Let s(p) = 4*p - 16. What is the remainder when s(10) is divided by 14?
10
Let q(c) = 3*c. Suppose o - 6 = -0. Suppose 4*s + o*x - 4 = 2*x, 0 = -3*s + 3*x + 21. Calculate the remainder when q(s) is divided by 7.
5
Suppose 0 = -h - 5*f - 97, -5*h + f = 57 + 376. Suppose -i + 12 = 5*k, -2*k = k - 5*i - 24. Calculate the remainder when k/(2 - h/(-48)) is divided by 9.
7
Suppose -2*k + 20 = 4*f, f - 2 = k - 3. Let n = -1 + f. Let v(q) = 7*q**3 - 3*q**2 + 3*q. Calculate the remainder when v(n) is divided by 17.
16
Let o be (2 - 1)*46/(-1). Let u = -33 - o. What is the remainder when 23 is divided by u?
10
Let c be (-108)/(-14) + 6/21. Calculate the remainder when 102 is divided by ((-104)/(-6))/(c/12).
24
Let n = 6 - 3. Let u = 210 - 79. Suppose -2*x + 4*h + 42 = 0, -n*x - 3*h + u = 2*x. What is the remainder when x is divided by 13?
12
Suppose 30*r + 430 = 35*r. Calculate the remainder when r is divided by 11.
9
Let r be (-6)/((-39)/24 + 2). Let d = r + 37. What is the remainder when d is divided by 11?
10
What is the remainder when 19 + (-2 - -1*1) is divided by 658/126 + (-4)/18?
3
Let g = 18 - 3. What is the remainder when 57 is divided by g?
12
Suppose 0 = -o - 3, 3*r - 6*o = -2*o + 51. Let s(a) = 3*a**3 + 2*a**2 + 2*a - 3. Calculate the remainder when r is divided by s(1).
1
Suppose 3*i - 3*p + 312 = 0, 0*i + 3*i + 320 = p. Suppose j = 1 + 2, -7 = -2*u + j. What is the remainder when 5*(i/(-15))/4 is divided by u?
4
Suppose -12*g + 3*g + 234 = 0. What is the remainder when g is divided by 4?
2
Let b(k) = -k**2 + k - 3. Let o be b(-5). Let y be (o/(-6))/((-1)/2). Let s = y + 34. Calculate the remainder when s is divided by 12.
11
Let g(w) = -2*w**2 + 4 + 3*w + 3*w + 6*w**2 - 3*w**2. What is the remainder when g(-7) is divided by 3?
2
Let a(h) = h**3 - 2*h**2 + h + 1. Let o = 0 + 0. Suppose r - 2 + o = 0. Calculate the remainder when 8 is divided by a(r).
2
Let t = 8 + -5. Suppose -s = -2*z + 11, -5*z + 26 = t*s - 4*s. What is the remainder when ((-1)/(-2))/(1/18) is divided by z?
4
Suppose 0*h + 21 = 3*h - 3*w, 3*h + w = 33. Suppose 6*n + 2*i - 154 = 2*n, -173 = -5*n + 4*i. What is the remainder when n is divided by h?
7
Let u = 34 + -23. Suppose 88 - 6 = 2*b. What is the remainder when b is divided by u?
8
Suppose 46 = h + 10. Suppose -3*j + 29 = -28. What is the remainder when h is divided by j?
17
Let a(g) = -g - 1. Let d be a(-1). Suppose 4*y + y - 40 = d. Calculate the remainder when 29 is divided by y.
5
Let x = 68 + -41. Let y = x - 18. What is the remainder when y is divided by 3?
0
Let s be -2 + -3 + 3 + 33. Suppose 2*v + 5 = s. What is the remainder when 38 is divided by v?
12
Suppose 2*k - 76 = -2*k. Let y = -84 + 120. What is the remainder when y is divided by k?
17
Suppose 3*m = 6*m - 123. Suppose 4*w - m = -9. Let a = w + 0. What is the remainder when a is divided by 3?
2
Suppose 2*h = 5 - 1. Let b be 3 + 1 + 3 + -1. Let m = 8 - b. Calculate the remainder when h is divided by m.
0
Let h(q) = 4*q - 2. Let v be h(2). Suppose -3*j = -v*j + 42. Calculate the remainder when 27 is divided by j.
13
Suppose 5*g = 5*v - 960, 5*v + 5*g + 195 = 1185. What is the remainder when v is divided by 14?
13
Let q(n) = -n**2 + 7*n - 5. Let s(b) = 0*b + 2 - b - 7 + 4 + 2*b**2. Calculate the remainder when s(3) is divided by q(5).
4
Let y be 3/((-3)/(-28)) - 2. What is the remainder when (-4)/((-30)/y - -1) is divided by 9?
8
Suppose -4*m = 5*f - 3, 3*m + f + 4 = -2. What is the remainder when 8 is divided by m - 24/(-3 - 0)?
3
Let g = -6 + 5. Calculate the remainder when 19 is divided by (g/3)/(1/(-33)).
8
Let w = -83 + 131. What is the remainder when w is divided by 10?
8
Let n(x) = 18*x + 14. Let g(l) = 6*l + 5. Let k(w) = 8*g(w) - 3*n(w). Calculate the remainder when 31 is divided by k(-3).
15
Let a(r) = -47*r. Let l be a(-2). Calculate the remainder when 16 is divided by (-8)/20 + l/10.
7
Suppose -14*r = -17*r + 57. Let i = 31 - r. Calculate the remainder when i is divided by 5.
2
Let l = -3 - -4. Calculate the remainder when 33 is divided by ((-51)/3)/(l - 2).
16
Let h(y) = 3*y**2 - 4*y - 1. Calculate the remainder when 2/11 - 24864/(-462) is divided by h(3).
12
Suppose 5*v - 7*v + 4 = 0. Calculate the remainder when 5 is divided by v.
1
Let l(r) = -r**2 + 7*r - 2. Let f be l(-6). Let q = f + 116. Suppose q = -0*n + 2*n. What is the remainder when 34 is divided by n?
16
Let k(i) = i**3 - 2*i**2 + i - 5. What is the remainder when 121 is divided by k(4)?
28
Let i be (30/8)/(21/112). Let z = i + -10. What is the remainder when 28 is divided by z?
8
Let b(l) = -3*l - 2*l + 30*l**3 + l**2 + 3*l + 1 + 0. Let v be b(1). Let u = -17 + v. Calculate the remainder when 37 is divided by u.
11
Let p = -24 - -31. What is the remainder when 12 is divided by p?
5
Let a = 7 + 5. Calculate the remainder when a is divided by 6.
0
Calculate the remainder when 137 + 18/45 + 4/(-10) is divided by 7.
4
Let c(r) = -4*r**3 + 2*r**2 - 2*r - 1. What is the remainder when c(-2) is divided by 11?
10
S